e value of (769 - 776) + 17 + -1 + -11 + 2?
0
Evaluate -7 + (-1 - -11) + -10 - (2 + -8).
-1
What is -17 - ((-9 - 15) + 7)?
0
What is the value of -4 + 25 + 13 + -27?
7
What is the value of 52 + -73 + (3 + -5 - 1)?
-24
What is the value of 10 + (-2 + -12 - -6) + 6?
8
Evaluate (-21 - 1) + (209 - 165).
22
(-4 + 1 + 1 - 20) + 380 + -371
-13
Evaluate -43 - ((-19 - -24) + -22).
-26
Calculate (-2 + 16 + -6 - -9) + 3 + -10.
10
Calculate 63 + -68 - (0 - -1) - 7.
-13
What is the value of (0 - -4) + 9 + -9 + 3?
7
-77 + 87 + (2 - 10) + -6
-4
What is -2 - (-2 - -11 - 7 - 17)?
13
What is the value of 13 - 13 - (1 - ((1 - -1) + -8))?
-7
What is the value of -4 + (-5 - -14) + (0 - (-2 + -3))?
10
Calculate 107 + -122 - (1 - 7).
-9
Evaluate 13 - (11 - (15 - 15) - 18).
20
Calculate (7 - 0) + 9 + -5.
11
Evaluate -7 - (7 + -18 - -11).
-7
What is (1 - -16 - 23) + -2?
-8
Evaluate -4 + (-18 + -6 + 13 - -18).
3
Evaluate -17 + (-14 - 6 - -8).
-29
What is the value of 230 + -223 + (8 - (0 - (1 - 2)))?
14
What is the value of -10 - -1 - (7 + -4 - 4)?
-8
What is 13 - ((-1 + 6 + -4 - 0) + 5)?
7
Calculate 25 + (-44 - (-13 - -1)).
-7
Evaluate -3 - (1 - 0 - (11 - (-6 - -17))).
-4
What is the value of -1 + ((-4 - 5) + 9 - (2 + 1))?
-4
25 + (-39 - (-6 + -40))
32
Evaluate -17 + (8 - -16) - (13 + 2).
-8
-29 - (26 + -13 + -13)
-29
What is -3 - -2 - ((8 - 12) + 4 - 2)?
1
Calculate 5 - (-1 + -12 + 23) - (0 - 18).
13
Calculate 1 + 2 + 3 - (3 - -24).
-21
What is 9 + 27 + -27 + 3?
12
What is the value of (-17 - -8) + 7 - -15?
13
Calculate 11 + 13 + 10 + -19.
15
What is (-1 - (-6 - 6)) + -3 + 23?
31
Calculate 6 + 11 + -11 + (7 - 4).
9
Calculate (11 - -1 - 25) + 28.
15
Calculate 14 + -5 - (7 - 11).
13
Calculate (-28 - (18 + -34)) + -3.
-15
What is the value of 116 + -118 + (-9 - -1) + 13 - 33?
-30
-3 + (-15 - -8) + -2
-12
-4 + (62 + -54 - (1 - -3))
0
What is the value of 91 - 108 - (-18 + 2 + -5)?
4
-15 + (11 - 22) + 20
-6
Calculate (25 - (0 - -1 - (62 - 56))) + -3.
27
What is the value of 5 - (-26 + (-10 - -1) + 22)?
18
Calculate -11 + -33 + 22 - -16.
-6
Calculate 8 + -7 + (-7 - -13).
7
Calculate ((-3 + 5 - 7) + -11 - -2) + 6.
-8
What is 4 + 2 + -3 + (81 - 87)?
-3
(-7 - (2 + -2) - (-7 - -1)) + 3
2
11 - (0 + 19) - -11
3
Calculate -7 + (42 - 14) + -11.
10
What is the value of (36 - 16 - 5) + -22?
-7
Evaluate 24 + -2 + -184 + 165.
3
What is (32 - 13 - 36) + 22?
5
9 + -3 - (6 - (10 + -3))
7
What is the value of -6 - (-1 + -3 - (-2 + 9 - -1))?
6
Evaluate -4 + 6 + -3 - -3.
2
-3 + 7 - (-8 + 17) - (-1 - -1)
-5
What is the value of (48 - 34) + 3 + -19?
-2
Evaluate 3 + 5 + 1 + 1 + 7.
17
Calculate (2 - 4 - -8 - -2) + -4 + 4.
8
Evaluate 1048 - 1038 - (0 + -5).
15
Calculate -2 - ((-2 - 11) + 3 + 5) - 7.
-4
What is 7 - (27 + -29) - -8?
17
Calculate (-53 - -26) + 27 + -8.
-8
Evaluate 11 + 12 - (21 + -10).
12
Evaluate -21 + (284 - 294) + 7 + 0.
-24
Evaluate -2 + 8 + -62 + 63.
7
Evaluate -9 + 30 - (-62 + 81).
2
Calculate 6 - ((-6 - -6 - -6) + (5 - 0)).
-5
Evaluate 32 - ((36 + -53 - -24) + (1 - 7)).
31
What is the value of 2 + -11 - (117 - 123 - (1 - 2))?
-4
What is (12 - (-9 + -1 + 21)) + -11?
-10
Evaluate (21 - -8) + -11 + 3.
21
What is 1 + (-15 - -16) + 12?
14
Evaluate 14 - (8 + -16 - -4) - (6 - 5).
17
What is the value of 9 + (-8 - (-11 - (-15 - -7)))?
4
What is 43 + -20 + (-5 - -2)?
20
What is the value of -15 + (5 - (12 + 1 + -6))?
-17
What is the value of (5 - -4) + (-4 - (12 + -7))?
0
Calculate -3 + -9 + 2 + 1.
-9
Calculate -11 + (-3 - 5) + 22.
3
Calculate -6 + (-33 + 32 - 23).
-30
What is the value of ((7 - 3) + 1 - 0) + -2?
3
What is the value of (62 - 66) + (11 - 2) + 2?
7
Evaluate (1 - 6 - 21) + 5 + 8.
-13
Calculate (3 - (0 + 1) - (-414 - -417)) + 10.
9
Evaluate -4 + (-2 - 5) + (15 + 5 - 10).
-1
What is -12 + (-22 + 3 - -8) + (0 - 0)?
-23
What is 13 + (-15 - -8 - (-3 + -1))?
10
What is -5 + (-32 - -14) + 19?
-4
-10 + 0 + 1 - 6
-15
What is the value of -3 + -3 + 12 + (2 - 13)?
-5
Evaluate 2 + 1 - (-50 + (77 - 33)).
9
Calculate -23 + (-32 - -53) - 3.
-5
Evaluate 20 - 5 - (18 + -11) - 18 - 2.
-12
Calculate 5 + 6 + (-15 - -3) - (2 + -12).
9
Evaluate -17 + 4 + (-15 + 8 - -9).
-11
0 + -12 + -4 - -5
-11
0 + 8 + -12 + 10 + (10 - 1)
15
What is the value of (-3 - 19) + 14 + 5 + -15 + 2?
-16
Evaluate 6 + -1 - (-12 - ((-5 - 0) + 1)).
13
What is (1 - (0 + 0 + -7)) + (10 - -8)?
26
3 - (-6 - (-1 + -9) - 6)
5
Calculate -52 + 62 + (0 - (1 - (-5 - 30))).
-26
Evaluate (7 - (6 + -3 + 7)) + -9 + -3.
-15
What is (-1 - -1) + (1 - -23) - (-1416 + 1423)?
17
(19 - 10) + (-11 - -1) + -3
-4
Calculate 20 + (-21 - 10) + 24.
13
Evaluate 23 + -15 + -17 + 27.
18
Calculate 18 - 5 - 4 - (-25 + 37).
-3
Calculate -19 + 3 + (-28 - -36).
-8
Evaluate (3 - (9 + -1 + -10)) + -15.
-10
Evaluate 11 - ((-1 - 1) + 7).
6
Calculate ((1 - -9) + 23 + -26 - 4) + 2.
5
Calculate (87 - 76) + (1 + -39 - (-14 - -10)).
-23
-1075 + 1024 - (-25 - -1)
-27
Calculate -31 - (-76 + 12 + 10).
23
Calculate -48 + 49 + (-6 + 2 - 4).
-7
Evaluate 27 + -11 + (-15 - -6).
7
What is -24 - (-5 + 8 + -8 - -2 - 4)?
-17
Evaluate (8 - 3) + 4 - 6 - (-23 + 1).
25
What is the value of -2 - -6 - (-1037 + 1043)?
-2
Calculate 11 + -5 - (-5 + -1 - (18 + -21)).
9
Calculate 3 - (3 + -5 + 7 + -1).
-1
Calculate 26 + (23 - 42 - -19).
26
Evaluate (1 + 0 - ((-22 - -32) + -17)) + 5.
13
Evaluate -15 + (-7 - -19) + (7 - (-3 + -1)).
8
What is the value of (2 - -6 - (14 + -1)) + (0 - 4)?
-9
Calculate (113 - 118) + (1 - -4) + 11.
11
What is the value of 13 + 17 - 15 - 11?
4
Evaluate (-8 - (17 - 4) - -1) + 6.
-14
Evaluate (21 + -30 - (-3 - 7 - -4)) + -1.
-4
-91 + 109 + 1 + -9
10
What is 10 + -1 - (-59 - -70) - 0 - -11?
9
Evaluate 33 - (-21 - -32) - 11.
11
(3 - ((8 - 9) + 6)) + -8
-10
Evaluate 87 + -81 + 4 + 4 + -3 + -5.
6
-2 + (1 - 42 - -22)
-21
What is the value of 754 + -770 - (0 + -5)?
-11
Evaluate 20 - ((-35 - -33) + 23).
-1
Calculate -11 + -9 + 8 + 6 + 0.
-6
Calculate 2 + -3 + -3 - (-153 - -151).
-2
(104 - 43) + (-27 - 8)
26
10 + -1 + 18 + -1 + -14
12
-2 + (7 - -4) + (-16 - (6 + -15))
2
2 - 4 - (3 - 0 - -7)
-12
19 + 1 - (-84 + 121)
-17
What is -4 - -1 - -5 - 12?
-10
What is the value of 14 - (6 + (-13 - -10)) - 6?
5
Calculate 14 + -3 + (-9 - 1 - -17).
18
What is the value of 8 + 3 + -1 + (-4 - -6)?
12
What is the value of 14 + -1 + 5 - (-10 + 11)?
17
Evaluate (-112 - (-15 + -90)) + (27 - (0 + 0)).
20
Evaluate -2 + (0 - 3 - (-33 + 23)) - 0.
5
What is the value of 15 - (7 + -6 - (-1 + -39))?
-26
-1 + -25 + (-16 + 4 - (-77 - -66))
-27
Calculate -3 + 55 + -4 + (58 - 74).
32
Calculate (-8 - (20 - 20)) + -15.
-23
What is the value of (-23 - (-26 + -24)) + -25?
2
Evaluate (-11 - -15) + (0 + 36 - 8).
32
What is the value of -1 + 2 - 5 - (11 + (16 - 35))?
4
What is the value of 2 + 8 + -33 + -8 + 21?
-10
-9 - (-5 + 10 - 12)
-2
What is 7 - (1 - 2) - (961 + -957)?
4
What is the value of -6 - (-30 + -5) - (14 + -6 - -3)?
18
(-4 - 13) + -16 + 50 + -37
-20
Calculate (35 - 4) + -201 + 201.
31
What is -6 + 0 + 0 + 7 - 0 - 1?
0
What is -31 + 5 - -61 - 7?
28
Evaluate 3 + -1 + 3 - (23 + -13 + -26).
21
-27 + (-2 - -3 - -1) + 116 + -109
-18
Evaluate -16 + (-9 - -1) + (-15 - -12).
-27
Evaluate 1 - 3 - (-13 + 9).
2
Evaluate 6 + -7 + -1 + -2 - -9.
5
Evaluate -2 - -12 - (5 + 1 - (-156 + 135)).
-17
Calculate 1 + (2 - (1 + -9 + (-2 - -6))).
7
What is the value of -341 - -338 - (1 - -2 - -15)?
-21
What is -11 + 1 + (277 - 274)?
-7
What is the value of (11 - (-12 - -21)) + (-4 - 2)?
-4
What is 11 + (-8 - (11 - -5)) + 2?
-11
What is 26 + (-22 + 11 - -1) + (-2 - -6)?
20
(-1 - (-1 + -1) - 13) + 666 + -660
-6
Calculate -9 + -9 - (-15 + 0).
-3
What is the value of -22 - (-23 - (6 + -14))?
-7
What is -8 + 2 - ((9 - -1) + 10 + -12)?
-14
What is the value of (2 - 16) + 9 + 2?
-3
Evaluate (-13 + -4 - -20 - -4) + -22.
-15
What is the value of (-41 + 65 - 23) + (8 - -1)?
10
What is the value of -14 + 19 - -5 - 5?
5
What is 2 + -6 + 4 + (-16 - -18)?
2
Calculate 7 + 2 + -29 - -34.
14
Evaluate 25 - (-9 + (22 - 1)).
13
Evaluate 27 - (-8 + 3 + 1 + 12).
19
Evaluate -870 - -865 - (3 + -3 + 4).
-9
Evaluate (-19 - 2) + -14 + (-4 - -25).
-14
Evaluate 11 + 7 + 16 + -18.
16
What is the value of -6 - (3 - 38 - -43)?
-14
Calculate -2 + 0 + 10 + -5 + -1.
2
Evaluate -5 - (-21 + 12) - (6 - 0).
-2
What is the value of -15 + (-17 - (-39 + 